{"id":339,"date":"2011-12-03T11:15:10","date_gmt":"2011-12-03T10:15:10","guid":{"rendered":"http:\/\/retinaok.wordpress.com\/?page_id=339"},"modified":"2011-12-03T11:15:10","modified_gmt":"2011-12-03T10:15:10","slug":"lokaal-of-narcose","status":"publish","type":"page","link":"https:\/\/retinaok.com\/ede\/faq\/lokaal-of-narcose\/","title":{"rendered":"Lokaal of narcose?"},"content":{"rendered":"<div style=\"margin-left:10%;margin-right:5%;\">Operaties\u00a0worden onder parabulbaire en\/of sub-Tenon verdoving verricht, zo nodig aangevuld met lichte sedatie. Er is altijd een\u00a0anesthesie-assistent aanwezig. In onze setting is het geven van narcose niet mogelijk. Bestaat er een indicatie voor narcose of kiest patient daarvoor dan zullen wij doorverwijzen naar een van de UMC&#8217;s.<\/div>\n<ul>\n<div> <\/div>\n<\/ul>\n<div style=\"margin-left:10%;margin-right:5%;\">Bij jonge pati\u00ebnten met een ablatio retinae en een aanliggend glasvocht is het aanbrengen van een cerclage en plombe ge\u00efndiceerd. Omdat deze operatie naar onze mening beter in narcose kan plaatsvinden zullen wij deze categorie pati\u00ebnten doorverwijzen.<\/div>\n<p>\u00a0<\/p>\n","protected":false},"excerpt":{"rendered":"<p>Operaties\u00a0worden onder parabulbaire en\/of sub-Tenon verdoving verricht, zo nodig aangevuld met lichte sedatie. Er is altijd een\u00a0anesthesie-assistent aanwezig. In onze setting is het geven van narcose niet mogelijk. Bestaat er een indicatie voor narcose of kiest patient daarvoor dan zullen wij doorverwijzen naar een van de UMC&#8217;s. Bij jonge pati\u00ebnten met een ablatio retinae en [&hellip;]<\/p>\n","protected":false},"author":1,"featured_media":0,"parent":242,"menu_order":0,"comment_status":"closed","ping_status":"closed","template":"","meta":{"footnotes":""},"class_list":["post-339","page","type-page","status-publish","hentry"],"yoast_head":"<!-- This site is optimized with the Yoast SEO plugin v27.4 - https:\/\/yoast.com\/product\/yoast-seo-wordpress\/ -->\n<title>Lokaal of narcose? - RetinaOK Ede<\/title>\n<meta name=\"robots\" content=\"index, follow, max-snippet:-1, max-image-preview:large, max-video-preview:-1\" \/>\n<link rel=\"canonical\" href=\"https:\/\/retinaok.com\/ede\/faq\/lokaal-of-narcose\/\" \/>\n<meta property=\"og:locale\" content=\"nl_NL\" \/>\n<meta property=\"og:type\" content=\"article\" \/>\n<meta property=\"og:title\" content=\"Lokaal of narcose? - RetinaOK Ede\" \/>\n<meta property=\"og:description\" content=\"Operaties\u00a0worden onder parabulbaire en\/of sub-Tenon verdoving verricht, zo nodig aangevuld met lichte sedatie. Er is altijd een\u00a0anesthesie-assistent aanwezig. In onze setting is het geven van narcose niet mogelijk. Bestaat er een indicatie voor narcose of kiest patient daarvoor dan zullen wij doorverwijzen naar een van de UMC&#8217;s. Bij jonge pati\u00ebnten met een ablatio retinae en [&hellip;]\" \/>\n<meta property=\"og:url\" content=\"https:\/\/retinaok.com\/ede\/faq\/lokaal-of-narcose\/\" \/>\n<meta property=\"og:site_name\" content=\"RetinaOK Ede\" \/>\n<meta name=\"twitter:card\" content=\"summary_large_image\" \/>\n<script type=\"application\/ld+json\" class=\"yoast-schema-graph\">{\"@context\":\"https:\\\/\\\/schema.org\",\"@graph\":[{\"@type\":\"WebPage\",\"@id\":\"https:\\\/\\\/retinaok.com\\\/ede\\\/faq\\\/lokaal-of-narcose\\\/\",\"url\":\"https:\\\/\\\/retinaok.com\\\/ede\\\/faq\\\/lokaal-of-narcose\\\/\",\"name\":\"Lokaal of narcose? - RetinaOK Ede\",\"isPartOf\":{\"@id\":\"https:\\\/\\\/retinaok.com\\\/ede\\\/#website\"},\"datePublished\":\"2011-12-03T10:15:10+00:00\",\"breadcrumb\":{\"@id\":\"https:\\\/\\\/retinaok.com\\\/ede\\\/faq\\\/lokaal-of-narcose\\\/#breadcrumb\"},\"inLanguage\":\"nl-NL\",\"potentialAction\":[{\"@type\":\"ReadAction\",\"target\":[\"https:\\\/\\\/retinaok.com\\\/ede\\\/faq\\\/lokaal-of-narcose\\\/\"]}]},{\"@type\":\"BreadcrumbList\",\"@id\":\"https:\\\/\\\/retinaok.com\\\/ede\\\/faq\\\/lokaal-of-narcose\\\/#breadcrumb\",\"itemListElement\":[{\"@type\":\"ListItem\",\"position\":1,\"name\":\"Home\",\"item\":\"https:\\\/\\\/retinaok.com\\\/ede\\\/\"},{\"@type\":\"ListItem\",\"position\":2,\"name\":\"FAQ&#8217;s\",\"item\":\"https:\\\/\\\/retinaok.com\\\/ede\\\/faq\\\/\"},{\"@type\":\"ListItem\",\"position\":3,\"name\":\"Lokaal of narcose?\"}]},{\"@type\":\"WebSite\",\"@id\":\"https:\\\/\\\/retinaok.com\\\/ede\\\/#website\",\"url\":\"https:\\\/\\\/retinaok.com\\\/ede\\\/\",\"name\":\"RetinaOK Ede\",\"description\":\"\",\"potentialAction\":[{\"@type\":\"SearchAction\",\"target\":{\"@type\":\"EntryPoint\",\"urlTemplate\":\"https:\\\/\\\/retinaok.com\\\/ede\\\/?s={search_term_string}\"},\"query-input\":{\"@type\":\"PropertyValueSpecification\",\"valueRequired\":true,\"valueName\":\"search_term_string\"}}],\"inLanguage\":\"nl-NL\"}]}<\/script>\n<!-- \/ Yoast SEO plugin. -->","yoast_head_json":{"title":"Lokaal of narcose? - RetinaOK Ede","robots":{"index":"index","follow":"follow","max-snippet":"max-snippet:-1","max-image-preview":"max-image-preview:large","max-video-preview":"max-video-preview:-1"},"canonical":"https:\/\/retinaok.com\/ede\/faq\/lokaal-of-narcose\/","og_locale":"nl_NL","og_type":"article","og_title":"Lokaal of narcose? - RetinaOK Ede","og_description":"Operaties\u00a0worden onder parabulbaire en\/of sub-Tenon verdoving verricht, zo nodig aangevuld met lichte sedatie. Er is altijd een\u00a0anesthesie-assistent aanwezig. In onze setting is het geven van narcose niet mogelijk. Bestaat er een indicatie voor narcose of kiest patient daarvoor dan zullen wij doorverwijzen naar een van de UMC&#8217;s. Bij jonge pati\u00ebnten met een ablatio retinae en [&hellip;]","og_url":"https:\/\/retinaok.com\/ede\/faq\/lokaal-of-narcose\/","og_site_name":"RetinaOK Ede","twitter_card":"summary_large_image","schema":{"@context":"https:\/\/schema.org","@graph":[{"@type":"WebPage","@id":"https:\/\/retinaok.com\/ede\/faq\/lokaal-of-narcose\/","url":"https:\/\/retinaok.com\/ede\/faq\/lokaal-of-narcose\/","name":"Lokaal of narcose? - RetinaOK Ede","isPartOf":{"@id":"https:\/\/retinaok.com\/ede\/#website"},"datePublished":"2011-12-03T10:15:10+00:00","breadcrumb":{"@id":"https:\/\/retinaok.com\/ede\/faq\/lokaal-of-narcose\/#breadcrumb"},"inLanguage":"nl-NL","potentialAction":[{"@type":"ReadAction","target":["https:\/\/retinaok.com\/ede\/faq\/lokaal-of-narcose\/"]}]},{"@type":"BreadcrumbList","@id":"https:\/\/retinaok.com\/ede\/faq\/lokaal-of-narcose\/#breadcrumb","itemListElement":[{"@type":"ListItem","position":1,"name":"Home","item":"https:\/\/retinaok.com\/ede\/"},{"@type":"ListItem","position":2,"name":"FAQ&#8217;s","item":"https:\/\/retinaok.com\/ede\/faq\/"},{"@type":"ListItem","position":3,"name":"Lokaal of narcose?"}]},{"@type":"WebSite","@id":"https:\/\/retinaok.com\/ede\/#website","url":"https:\/\/retinaok.com\/ede\/","name":"RetinaOK Ede","description":"","potentialAction":[{"@type":"SearchAction","target":{"@type":"EntryPoint","urlTemplate":"https:\/\/retinaok.com\/ede\/?s={search_term_string}"},"query-input":{"@type":"PropertyValueSpecification","valueRequired":true,"valueName":"search_term_string"}}],"inLanguage":"nl-NL"}]}},"_links":{"self":[{"href":"https:\/\/retinaok.com\/ede\/wp-json\/wp\/v2\/pages\/339","targetHints":{"allow":["GET"]}}],"collection":[{"href":"https:\/\/retinaok.com\/ede\/wp-json\/wp\/v2\/pages"}],"about":[{"href":"https:\/\/retinaok.com\/ede\/wp-json\/wp\/v2\/types\/page"}],"author":[{"embeddable":true,"href":"https:\/\/retinaok.com\/ede\/wp-json\/wp\/v2\/users\/1"}],"replies":[{"embeddable":true,"href":"https:\/\/retinaok.com\/ede\/wp-json\/wp\/v2\/comments?post=339"}],"version-history":[{"count":0,"href":"https:\/\/retinaok.com\/ede\/wp-json\/wp\/v2\/pages\/339\/revisions"}],"up":[{"embeddable":true,"href":"https:\/\/retinaok.com\/ede\/wp-json\/wp\/v2\/pages\/242"}],"wp:attachment":[{"href":"https:\/\/retinaok.com\/ede\/wp-json\/wp\/v2\/media?parent=339"}],"curies":[{"name":"wp","href":"https:\/\/api.w.org\/{rel}","templated":true}]}}